 + 4/(-18). Let f = r + b. What is the remainder when 50 is divided by f?
24
Let c = 27 - 24. Suppose 3*t - 7*t + 19 = 3*x, c*t + x = 13. Suppose t*u + 96 = 7*u. Calculate the remainder when u is divided by 11.
10
Suppose 0 = z - 1, -z - 1100 - 15 = -2*j. Let x = -505 + j. Calculate the remainder when x is divided by 8.
5
What is the remainder when (9/6)/((-21)/(-4802)) - -7 is divided by 76?
46
Let h = -194 + 330. Suppose -68*o - 22*o + 1142 = -3718. What is the remainder when h is divided by o?
28
Let x(j) = 11*j - 158. Suppose -7*b + 22*b = 285. What is the remainder when x(b) is divided by 15?
6
Suppose 0*q - 174 = -q. Suppose 783*k = -112*k + 39380. What is the remainder when q is divided by k?
42
Let f be ((-56)/10)/(8/(-20)). Suppose -10*b - 80 = -f*b. Let z(y) = -68*y + 2. What is the remainder when z(-2) is divided by b?
18
Suppose -4*s + 13 + 3 = 0. Suppose s*z - 25*z + 336 = 0. Calculate the remainder when 126 is divided by z.
14
Suppose 7*q + 20 = 5*q - 0*q, -4*z = -5*q - 374. Let x = -40 - -65. What is the remainder when z is divided by x?
6
Let u(v) = 3*v + 6. Suppose 0 = -3*l + 4*f + 359 - 10, 3*l - 5*f = 347. What is the remainder when l is divided by u(12)?
35
Let b = 12051 - 10873. Calculate the remainder when b is divided by 167.
9
Let t be (-6)/(-10) + (-1488)/(-20). Calculate the remainder when t/1 - (7 + -8 - 1) is divided by 41.
36
Let u = -264 + 507. Let c = -229 + u. What is the remainder when 209 is divided by c?
13
Suppose 0 = 2*h - 0*t + 3*t - 3, 4*h + 5*t - 5 = 0. Suppose 76*y - 71*y - 30 = h. Calculate the remainder when 7 is divided by y/8 - (-35)/28.
1
Let a(r) = r**2 - 9*r + 5. Let k be a(-6). Suppose -3*l - 25 = u - k, 14 = l - 2*u. Calculate the remainder when 31 is divided by l/2*(-6)/(-6).
9
Let g(z) = -89*z - 44. Let r(l) = 10*l - 222. Let c be r(22). Calculate the remainder when g(c) is divided by 27.
26
Suppose 2*h - 260 = 1630 - 126. What is the remainder when h is divided by 220?
2
Calculate the remainder when (-189792)/(-15) - (-40)/200 is divided by 111.
110
Suppose 8016 + 6933 = 99*i. What is the remainder when 8606 is divided by i?
150
Let j be ((-2)/(-6)*(4 - 4))/(-1). Suppose -3*d = -d + 4*y, j = 3*y - 12. Calculate the remainder when 716*(1/(-3))/(d/6) is divided by 30.
29
Let l = -99 + 67. What is the remainder when 5 is divided by (-80)/l*(-12)/(-15)?
1
Suppose -10*u + 72 - 97 = -55. Calculate the remainder when 56 is divided by u.
2
Let w(f) = -f**2 - 5*f + 4. Suppose -2*i - 10 = -0. Let y be w(i). Let r(l) = 4*l - 8. Calculate the remainder when 39 is divided by r(y).
7
Let j = 342 - 308. Let h be ((-382)/(-14) + 1)*(0 - -7). Suppose -k = 2*k - h. Calculate the remainder when k is divided by j.
32
Let q be -11 - (-12)/3 - -78. Suppose -3*k = -2*k - 3*i - q, -4*k - 3*i = -209. What is the remainder when k is divided by 12?
8
Let m = -59 - -257. Let u = -123 + m. What is the remainder when u is divided by (2 - -37)/(3/2)?
23
Let n(v) = 11*v**2 + 29*v - 282. Calculate the remainder when 1889 is divided by n(-8).
179
Let t = -454 - -682. Let f = t - 214. Calculate the remainder when 52 is divided by f.
10
What is the remainder when (1828 - -46)*(-1 + (-15)/(-10)) is divided by 234?
1
Suppose 3*t + 27 = 0, -7*o + 3228 = -5*o + 4*t. Calculate the remainder when o is divided by 20.
12
Suppose 165 = 5*u + 8*n, -3*u + 3*n - 348 = -447. Calculate the remainder when 63 is divided by u.
30
Suppose -u + 109 + 49 = 4*q, 4*q - 134 = 3*u. Calculate the remainder when 399 is divided by q.
19
Suppose -5*n - 410 = -2*c, -12*c - 3*n = -8*c - 846. What is the remainder when c is divided by 44?
34
Let h = 102 - 98. Suppose 10*g = 13*g + 12, 0 = h*m + g - 244. Calculate the remainder when m is divided by 19.
5
Let r be 1131/52*(1 - 31 - -2). Let m = r - -624. What is the remainder when 131 is divided by m?
11
Suppose 2*z - 3*z + 76 = 0. Let o(n) = 4*n - 7. Suppose -4*s + a = -s - 11, -4*s + 16 = -a. What is the remainder when z is divided by o(s)?
11
Suppose 4264 = -12*c + 6400. Calculate the remainder when 836 is divided by c.
124
Suppose 4 + 2 = 3*t. Suppose 0 = -3*l + 9, -t*z + 5*l - 2*l + 83 = 0. Calculate the remainder when z is divided by (25/(-3))/((-2 + 0)*(-2)/(-12)).
21
Suppose 3*t = 37 - 28, 2*i + 2*t + 88 = 0. Calculate the remainder when 70 is divided by (20 + i)/((-6)/8).
34
Suppose 298*v + 186 = 303*v + 8*s, -4*s - 24 = -2*v. What is the remainder when 254 is divided by v?
20
Let u = -5785 - -5998. Calculate the remainder when u is divided by 43.
41
Suppose 3*k - 2*d = -37, 5*k = 3*d - 0*d - 60. Let l(h) = -h - 3. Let q be l(k). What is the remainder when 21 is divided by (-2)/q - (-481)/39?
9
Let y(v) = v**3 + v**2 - 9*v - 4. Let p be y(-3). Suppose -10*d - 34 = -2*l - 11*d, p*d = -2*l + 18. What is the remainder when 605 is divided by l?
16
Suppose 13*n = 7*n + 30. Suppose -4*c + 5*y = -743, -n*y = c - 58 - 109. Let v = c - 88. Calculate the remainder when v is divided by 24.
22
Suppose 58*v - 1768 = 262. What is the remainder when 0 + 3*346/6 is divided by v?
33
Suppose -5*x + x + 1392 = 0. What is the remainder when x is divided by ((-225)/(-81))/(6/108)?
48
Let o = 2880 + -2876. What is the remainder when 115 is divided by o?
3
Let f(n) = 4*n**3 - 2*n**2 - 8*n + 35. What is the remainder when 380 is divided by f(3)?
77
Suppose 3*g + 2048 + 996 = 5*n, 2*n + 5*g = 1230. What is the remainder when n is divided by 10?
0
Suppose 0 = 5*j - r - 18, -3*j + 5*r + 25 - 1 = 0. Suppose 3*t = 2*p - 4*p + 76, -125 = -j*p + t. What is the remainder when 121 is divided by p?
39
Suppose -2*q = 2*q - j - 15, 5*j - 10 = 3*q. Suppose -4*z + 156 = q*x, -82 - 76 = -5*z + 3*x. Let l = 66 - 48. What is the remainder when z is divided by l?
16
Let a(k) = -10*k**3 - 960*k**2 - 10*k - 167. What is the remainder when a(-96) is divided by 10?
3
Let v = -18291 + 18320. What is the remainder when 249 is divided by v?
17
Let j(c) be the second derivative of -5*c**3/6 - 15*c**2/2 - 13*c. Let w be 85/(-15) - (8/6 - 2). What is the remainder when 26 is divided by j(w)?
6
Suppose 180 = 4*y + 12*u, -35*y - u - 37 = -36*y. Let h be (-1)/2 + (-21)/(-6). Suppose h*s - 112 - 119 = 0. Calculate the remainder when s is divided by y.
38
Let o(t) = -4*t**3 - 26*t**2 + 23*t + 46. Calculate the remainder when o(-9) is divided by 170.
139
Suppose 0 = 1387*r - 1213*r - 5220. Let i be 2/4 + 2/(-4). Calculate the remainder when r is divided by (-1 + -15 + i)/(-2).
6
Suppose z + 25 = 5*p, z + 2 = 3*p + 3*z. Suppose -420 = p*n - 8*n. Suppose -n = 46*q - 51*q. Calculate the remainder when 61 is divided by q.
19
Suppose 9*b - 4*b = -4*o - 515, 94 = -b + o. Let t = -80 - b. What is the remainder when 225 is divided by t?
16
Suppose -3*d - 842 = 2*z, 3*z - 158 = d + 108. Let i = -180 - d. Suppose 6*n - 13*n = -i. Calculate the remainder when 151 is divided by n.
11
Suppose -7*x - 16 = -5*x. Let p = x - -14. Suppose p*h = 10*h - 64. Calculate the remainder when h is divided by 3.
1
Let w = 9549 + -7879. What is the remainder when w is divided by 19?
17
Let q = 23331 + -23222. What is the remainder when 305 is divided by q?
87
Suppose 586 - 724 = -2*n. Suppose -64 - n = -7*y. What is the remainder when y is divided by 7?
5
Suppose 5*b - 436 - 1083 = -2*b. Calculate the remainder when 657 is divided by b.
6
Suppose 214*b - 9864 - 608 = 200*b. What is the remainder when 3000 is divided by b?
8
Let i = 14028 - 13098. What is the remainder when i is divided by 118?
104
Suppose 99 - 246 = -7*o. Calculate the remainder when 205 is divided by o.
16
Let z(p) = 11*p**2 - 47*p + 269. What is the remainder when z(5) is divided by 302?
7
Let s(v) be the second derivative of -v**4/12 - 8*v**3/3 + 36*v**2 + 70*v. Calculate the remainder when s(-18) is divided by 23.
13
Suppose -3*g + 45 = -0*g. What is the remainder when 159 is divided by (6 - 282/15)/((-6)/g)?
31
Calculate the remainder when (-4242)/(-10) + (-1260)/(-700) is divided by 63.
48
Let q = -11 + 13. Suppose -a - 879 = -y, -q*a - a + y = 2629. Calculate the remainder when (-3)/(-4) + a/(-28) is divided by 17.
15
Suppose -5*x - 1260 = -2*m - 2*m, -4*m - 2*x = -1232. Suppose 5*o + 0*o - m = 0. Let b = -55 + o. Calculate the remainder when 31 is divided by b.
3
Let b(i) = i**2 + 19*i + 40. Let k(d) = d*